{"id":10054,"date":"2020-03-16T11:08:49","date_gmt":"2020-03-16T10:08:49","guid":{"rendered":"http:\/\/www.college-wallon-ivry.fr\/?page_id=10054"},"modified":"2020-03-16T11:08:49","modified_gmt":"2020-03-16T10:08:49","slug":"pronote-vie-scolaire","status":"publish","type":"page","link":"http:\/\/www.college-wallon-ivry.fr\/index.php\/liens-utiles\/pronote-vie-scolaire\/","title":{"rendered":"Pronote vie scolaire"},"content":{"rendered":"<div id=\"pl-10054\"  class=\"panel-layout\" ><div id=\"pg-10054-0\"  class=\"panel-grid panel-no-style\" ><div id=\"pgc-10054-0-0\"  class=\"panel-grid-cell\" ><div id=\"panel-10054-0-0-0\" class=\"so-panel widget widget_sow-image panel-first-child\" data-index=\"0\" ><div class=\"panel-widget-style panel-widget-style-for-10054-0-0-0\" ><div\n\t\t\t\n\t\t\tclass=\"so-widget-sow-image so-widget-sow-image-default-c67d20f9f743-10054\"\n\t\t\t\n\t\t>\n<div class=\"sow-image-container\">\n\t\t\t<a href=\"https:\/\/0941781a.index-education.net\/pronote\/viescolaire.html\"\n\t\t\t\t\t>\n\t\t\t<img \n\tsrc=\"http:\/\/www.college-wallon-ivry.fr\/wp-content\/uploads\/2020\/03\/Capture-pronote-vie-sco-150x150.jpg\" width=\"150\" height=\"150\" srcset=\"http:\/\/www.college-wallon-ivry.fr\/wp-content\/uploads\/2020\/03\/Capture-pronote-vie-sco-150x150.jpg 150w, http:\/\/www.college-wallon-ivry.fr\/wp-content\/uploads\/2020\/03\/Capture-pronote-vie-sco-300x300.jpg 300w, http:\/\/www.college-wallon-ivry.fr\/wp-content\/uploads\/2020\/03\/Capture-pronote-vie-sco-200x200.jpg 200w, http:\/\/www.college-wallon-ivry.fr\/wp-content\/uploads\/2020\/03\/Capture-pronote-vie-sco.jpg 343w\" sizes=\"(max-width: 150px) 100vw, 150px\" title=\"Pronote pour les parents\" alt=\"\" \t\tclass=\"so-widget-image\"\/>\n\t\t\t<\/a><\/div>\n\n<\/div><\/div><\/div><div id=\"panel-10054-0-0-1\" class=\"so-panel widget widget_sow-button panel-last-child\" data-index=\"1\" ><div\n\t\t\t\n\t\t\tclass=\"so-widget-sow-button so-widget-sow-button-wire-d01d565c385e-10054\"\n\t\t\t\n\t\t><div class=\"ow-button-base ow-button-align-center\"\n>\n\t\t\t<a\n\t\t\t\t\thref=\"https:\/\/0941781a.index-education.net\/pronote\/viescolaire.html\"\n\t\t\t\t\tclass=\"sowb-button ow-icon-placement-left ow-button-hover\" \t>\n\t\t<span>\n\t\t\t\n\t\t\tPronote vie scolaires\t\t<\/span>\n\t\t\t<\/a>\n\t<\/div>\n<\/div><\/div><\/div><\/div><div id=\"pg-10054-1\"  class=\"panel-grid panel-no-style\" ><div id=\"pgc-10054-1-0\"  class=\"panel-grid-cell\" ><div id=\"panel-10054-1-0-0\" class=\"so-panel widget widget_sow-button panel-first-child panel-last-child\" data-index=\"2\" ><div\n\t\t\t\n\t\t\tclass=\"so-widget-sow-button so-widget-sow-button-atom-bcf782696933-10054\"\n\t\t\t\n\t\t><div class=\"ow-button-base ow-button-align-center\"\n>\n\t\t\t<a\n\t\t\t\t\thref=\"https:\/\/www.college-wallon-ivry.fr\/\"\n\t\t\t\t\tclass=\"sowb-button ow-icon-placement-left ow-button-hover\" \t>\n\t\t<span>\n\t\t\t\n\t\t\tAccueil du site du coll\u00e8ge : actualit\u00e9s, sorties, dates importantes, r\u00e9sultats AS...\t\t<\/span>\n\t\t\t<\/a>\n\t<\/div>\n<\/div><\/div><\/div><\/div><\/div><h3>Images li\u00e9es:<\/h3>","protected":false},"excerpt":{"rendered":"<p>Pronote vie scolaires Accueil du site du coll\u00e8ge : actualit\u00e9s, sorties, dates importantes, r\u00e9sultats AS&#8230; Images li\u00e9es:<\/p>\n","protected":false},"author":1,"featured_media":0,"parent":69,"menu_order":4,"comment_status":"closed","ping_status":"closed","template":"","meta":{"ngg_post_thumbnail":0,"footnotes":""},"categories":[],"tags":[],"class_list":["post-10054","page","type-page","status-publish","czr-hentry"],"_links":{"self":[{"href":"http:\/\/www.college-wallon-ivry.fr\/index.php\/wp-json\/wp\/v2\/pages\/10054","targetHints":{"allow":["GET"]}}],"collection":[{"href":"http:\/\/www.college-wallon-ivry.fr\/index.php\/wp-json\/wp\/v2\/pages"}],"about":[{"href":"http:\/\/www.college-wallon-ivry.fr\/index.php\/wp-json\/wp\/v2\/types\/page"}],"author":[{"embeddable":true,"href":"http:\/\/www.college-wallon-ivry.fr\/index.php\/wp-json\/wp\/v2\/users\/1"}],"replies":[{"embeddable":true,"href":"http:\/\/www.college-wallon-ivry.fr\/index.php\/wp-json\/wp\/v2\/comments?post=10054"}],"version-history":[{"count":2,"href":"http:\/\/www.college-wallon-ivry.fr\/index.php\/wp-json\/wp\/v2\/pages\/10054\/revisions"}],"predecessor-version":[{"id":10056,"href":"http:\/\/www.college-wallon-ivry.fr\/index.php\/wp-json\/wp\/v2\/pages\/10054\/revisions\/10056"}],"up":[{"embeddable":true,"href":"http:\/\/www.college-wallon-ivry.fr\/index.php\/wp-json\/wp\/v2\/pages\/69"}],"wp:attachment":[{"href":"http:\/\/www.college-wallon-ivry.fr\/index.php\/wp-json\/wp\/v2\/media?parent=10054"}],"wp:term":[{"taxonomy":"category","embeddable":true,"href":"http:\/\/www.college-wallon-ivry.fr\/index.php\/wp-json\/wp\/v2\/categories?post=10054"},{"taxonomy":"post_tag","embeddable":true,"href":"http:\/\/www.college-wallon-ivry.fr\/index.php\/wp-json\/wp\/v2\/tags?post=10054"}],"curies":[{"name":"wp","href":"https:\/\/api.w.org\/{rel}","templated":true}]}}