{"id":12348,"date":"2021-07-01T00:16:12","date_gmt":"2021-06-30T22:16:12","guid":{"rendered":"http:\/\/www.college-wallon-ivry.fr\/?page_id=12348"},"modified":"2021-07-01T00:16:13","modified_gmt":"2021-06-30T22:16:13","slug":"label-eco-ecole","status":"publish","type":"page","link":"https:\/\/www.college-wallon-ivry.fr\/index.php\/label-eco-ecole\/","title":{"rendered":"Label Eco-Ecole"},"content":{"rendered":"<div id=\"pl-12348\"  class=\"panel-layout\" ><div id=\"pg-12348-0\"  class=\"panel-grid panel-no-style\" ><div id=\"pgc-12348-0-0\"  class=\"panel-grid-cell\" ><div id=\"panel-12348-0-0-0\" class=\"so-panel widget widget_sow-editor panel-first-child panel-last-child\" data-index=\"0\" ><div\n\t\t\t\n\t\t\tclass=\"so-widget-sow-editor so-widget-sow-editor-base\"\n\t\t\t\n\t\t>\n<div class=\"siteorigin-widget-tinymce textwidget\">\n\t<p>Le coll\u00e8ge Henri Wallon a \u00e9t\u00e9 obtenu le label \"<span class=\"il\">Eco<\/span>-Ecole\" pour le projet mis en place durant l\u2019ann\u00e9e scolaire 2020-2021.<\/p>\n<\/div>\n<\/div><\/div><\/div><\/div><\/div><h3>Images li\u00e9es:<\/h3>","protected":false},"excerpt":{"rendered":"<p>Le coll\u00e8ge Henri Wallon a \u00e9t\u00e9 obtenu le label \u00ab\u00a0Eco-Ecole\u00a0\u00bb pour le projet mis en place durant l\u2019ann\u00e9e scolaire 2020-2021.<\/p>\n","protected":false},"author":1,"featured_media":0,"parent":0,"menu_order":0,"comment_status":"closed","ping_status":"closed","template":"","meta":{"ngg_post_thumbnail":0,"footnotes":""},"categories":[63],"tags":[],"class_list":{"0":"post-12348","1":"page","2":"type-page","3":"status-publish","5":"category-environnement","6":"czr-hentry"},"_links":{"self":[{"href":"https:\/\/www.college-wallon-ivry.fr\/index.php\/wp-json\/wp\/v2\/pages\/12348","targetHints":{"allow":["GET"]}}],"collection":[{"href":"https:\/\/www.college-wallon-ivry.fr\/index.php\/wp-json\/wp\/v2\/pages"}],"about":[{"href":"https:\/\/www.college-wallon-ivry.fr\/index.php\/wp-json\/wp\/v2\/types\/page"}],"author":[{"embeddable":true,"href":"https:\/\/www.college-wallon-ivry.fr\/index.php\/wp-json\/wp\/v2\/users\/1"}],"replies":[{"embeddable":true,"href":"https:\/\/www.college-wallon-ivry.fr\/index.php\/wp-json\/wp\/v2\/comments?post=12348"}],"version-history":[{"count":1,"href":"https:\/\/www.college-wallon-ivry.fr\/index.php\/wp-json\/wp\/v2\/pages\/12348\/revisions"}],"predecessor-version":[{"id":12349,"href":"https:\/\/www.college-wallon-ivry.fr\/index.php\/wp-json\/wp\/v2\/pages\/12348\/revisions\/12349"}],"wp:attachment":[{"href":"https:\/\/www.college-wallon-ivry.fr\/index.php\/wp-json\/wp\/v2\/media?parent=12348"}],"wp:term":[{"taxonomy":"category","embeddable":true,"href":"https:\/\/www.college-wallon-ivry.fr\/index.php\/wp-json\/wp\/v2\/categories?post=12348"},{"taxonomy":"post_tag","embeddable":true,"href":"https:\/\/www.college-wallon-ivry.fr\/index.php\/wp-json\/wp\/v2\/tags?post=12348"}],"curies":[{"name":"wp","href":"https:\/\/api.w.org\/{rel}","templated":true}]}}