{"id":1609,"date":"2017-11-29T21:15:08","date_gmt":"2017-11-29T20:15:08","guid":{"rendered":"http:\/\/www.college-wallon-ivry.fr\/?page_id=1609"},"modified":"2017-12-17T16:30:27","modified_gmt":"2017-12-17T15:30:27","slug":"les-photos-du-cross","status":"publish","type":"page","link":"https:\/\/www.college-wallon-ivry.fr\/index.php\/cross-du-college\/les-photos-du-cross\/","title":{"rendered":"Les photos du cross"},"content":{"rendered":"<p><span style=\"color: #0088cc;\">&#8211;&gt;<\/span>Vendredi matin temps maussade, 1200 m\u00e8tres, une c\u00f4te sur le parcours, boule au ventre, 9h30 d\u00e9part de la premi\u00e8re course, \u00e7a y est le cross du coll\u00e8ge Henri Wallon 2017 commence enfin!<\/p>\n<p>Les athl\u00e8tes des classes de sixi\u00e8me et cinqui\u00e8me animent cette matin\u00e9e dans une bonne ambiance en faisant preuve de pers\u00e9v\u00e9rance face \u00e0 l&rsquo;effort afin de r\u00e9aliser le meilleur r\u00e9sultat possible lors de cette \u00e9preuve.&nbsp;<\/p>\n<p><span style=\"color: #0088cc;\">&#8211;&gt;<\/span>Vendredi apr\u00e8s-midi, 1500 m\u00e8tres, m\u00eame c\u00f4te, m\u00eame boule au ventre, mais le soleil s&rsquo;invite \u00e0 la partie.<\/p>\n<p>L&rsquo;exp\u00e9rience ne fait tout et les athl\u00e8tes des classes de quatri\u00e8me et troisi\u00e8me ont aussi d\u00fb faire preuve de t\u00e9nacit\u00e9 pour maintenir leurs efforts afin de terminer cette \u00e9preuve avec le sentiment d&rsquo;avoir \u00ab\u00a0tout donn\u00e9\u00a0\u00bb.<\/p>\n<p><strong>Bravo \u00e0 toutes et tous pour votre belle participation et merci aux personnels du coll\u00e8ge qui ont particip\u00e9 \u00e0 l&rsquo;organisation de ce cross 2017.<\/strong><\/p>\n<p>Voici les photos: courir ou sourire, il faut choisir. \ud83d\ude42<br \/>\nLien vers les classements et podiums &#8211;&gt; <a href=\"http:\/\/www.college-wallon-ivry.fr\/index.php\/vie-scolaire\/cross-du-college\/classements-et-podiums\/\">ICI<\/a><\/p>\nngg_shortcode_0_placeholder\n<p>&nbsp;<\/p>\n<p>&nbsp;<\/p>\n<p>&nbsp;<\/p>\n<h3>Images li\u00e9es:<\/h3>","protected":false},"excerpt":{"rendered":"<p>&#8211;&gt;Vendredi matin temps maussade, 1200 m\u00e8tres, une c\u00f4te sur le parcours, boule au ventre, 9h30 d\u00e9part de la premi\u00e8re course, \u00e7a y est le cross du coll\u00e8ge Henri Wallon 2017 commence enfin! Les athl\u00e8tes des classes de sixi\u00e8me et cinqui\u00e8me animent cette matin\u00e9e dans une bonne ambiance en faisant preuve de pers\u00e9v\u00e9rance face \u00e0 l&rsquo;effort [&hellip;]<\/p>\n","protected":false},"author":1,"featured_media":0,"parent":1581,"menu_order":0,"comment_status":"closed","ping_status":"closed","template":"","meta":{"ngg_post_thumbnail":0,"footnotes":""},"categories":[25,28,23],"tags":[],"class_list":{"0":"post-1609","1":"page","2":"type-page","3":"status-publish","5":"category-cross","6":"category-photos","7":"category-sport","8":"czr-hentry"},"_links":{"self":[{"href":"https:\/\/www.college-wallon-ivry.fr\/index.php\/wp-json\/wp\/v2\/pages\/1609","targetHints":{"allow":["GET"]}}],"collection":[{"href":"https:\/\/www.college-wallon-ivry.fr\/index.php\/wp-json\/wp\/v2\/pages"}],"about":[{"href":"https:\/\/www.college-wallon-ivry.fr\/index.php\/wp-json\/wp\/v2\/types\/page"}],"author":[{"embeddable":true,"href":"https:\/\/www.college-wallon-ivry.fr\/index.php\/wp-json\/wp\/v2\/users\/1"}],"replies":[{"embeddable":true,"href":"https:\/\/www.college-wallon-ivry.fr\/index.php\/wp-json\/wp\/v2\/comments?post=1609"}],"version-history":[{"count":4,"href":"https:\/\/www.college-wallon-ivry.fr\/index.php\/wp-json\/wp\/v2\/pages\/1609\/revisions"}],"predecessor-version":[{"id":1829,"href":"https:\/\/www.college-wallon-ivry.fr\/index.php\/wp-json\/wp\/v2\/pages\/1609\/revisions\/1829"}],"up":[{"embeddable":true,"href":"https:\/\/www.college-wallon-ivry.fr\/index.php\/wp-json\/wp\/v2\/pages\/1581"}],"wp:attachment":[{"href":"https:\/\/www.college-wallon-ivry.fr\/index.php\/wp-json\/wp\/v2\/media?parent=1609"}],"wp:term":[{"taxonomy":"category","embeddable":true,"href":"https:\/\/www.college-wallon-ivry.fr\/index.php\/wp-json\/wp\/v2\/categories?post=1609"},{"taxonomy":"post_tag","embeddable":true,"href":"https:\/\/www.college-wallon-ivry.fr\/index.php\/wp-json\/wp\/v2\/tags?post=1609"}],"curies":[{"name":"wp","href":"https:\/\/api.w.org\/{rel}","templated":true}]}}