{"id":248,"date":"2017-03-22T21:59:25","date_gmt":"2017-03-22T20:59:25","guid":{"rendered":"http:\/\/college-wallon-ivry.fr\/?page_id=248"},"modified":"2017-09-05T22:47:18","modified_gmt":"2017-09-05T20:47:18","slug":"journee-internationales-des-droits-des-femmes","status":"publish","type":"page","link":"https:\/\/www.college-wallon-ivry.fr\/index.php\/les-aventures-pedagogiques\/annee-20162017\/journee-internationales-des-droits-des-femmes\/","title":{"rendered":"Journ\u00e9e internationales des droits des femmes"},"content":{"rendered":"<p>A l&rsquo;occasion de la journ\u00e9e des droits de la femme, les \u00e9l\u00e8ves de la classe de 5\u00e8me4 ont travaill\u00e9 sur le th\u00e8me des in\u00e9galit\u00e9s et des st\u00e9r\u00e9otypes homme-femme ainsi que sur le th\u00e8me des violences subies par les femmes.<br \/>\nLe r\u00e9sultat de leur r\u00e9flexion est pr\u00e9sent\u00e9 dans le hall du coll\u00e8ge sous la forme d&rsquo;affiches r\u00e9alis\u00e9es par les \u00e9l\u00e8ves. Les documentalistes du CDI se sont associ\u00e9es \u00e0 cette initiative en proposant une s\u00e9rie de livre traitant de ce sujet.<\/p>\n<style type=\"text\/css\">.easingslider-246 { max-width: 640px; }.easingslider-246 .easingslider-image { max-height: 400px; max-width: 640px; }.easingslider-246 .easingslider-fade-in, .easingslider-fade-out { -webkit-animation-duration: 400ms; -moz-animation-duration: 400ms; animation-duration: 400ms; }<\/style><script type=\"text\/javascript\">window.EasingSlider246 = {\"width\":640,\"height\":400,\"singleItem\":true,\"items\":1,\"itemsDesktop\":false,\"itemsDesktopSmall\":false,\"itemsTablet\":false,\"itemsTabletSmall\":false,\"itemsMobile\":false,\"responsive\":true,\"lazyLoad\":true,\"autoPlay\":4000,\"slideSpeed\":400,\"navigation\":true,\"navigationText\":[\"\",\"\"],\"pagination\":true,\"autoHeight\":false,\"mouseDrag\":false,\"touchDrag\":false,\"addClassActive\":true,\"transitionStyle\":\"fade\"};<\/script><div data-id=\"246\" class=\"easingslider easingslider-246 easingslider-container easingslider-resizing-enabled easingslider-aspect-ratio easingslider-arrows-inside easingslider-pagination-inside easingslider-pagination-bottom-center\"><div class=\"easingslider-slide\"><img decoding=\"async\" src=\"https:\/\/www.college-wallon-ivry.fr\/wp-content\/plugins\/easing-slider\/assets\/images\/placeholder-pixel.png\" data-src=\"https:\/\/www.college-wallon-ivry.fr\/wp-content\/uploads\/2017\/03\/P1180123-640x400.jpg\" alt=\"\" title=\"\" class=\"easingslider-image easingslider-lazy\" \/><\/div><div class=\"easingslider-slide\"><img decoding=\"async\" src=\"https:\/\/www.college-wallon-ivry.fr\/wp-content\/plugins\/easing-slider\/assets\/images\/placeholder-pixel.png\" data-src=\"https:\/\/www.college-wallon-ivry.fr\/wp-content\/uploads\/2017\/03\/P1180131-640x400.jpg\" alt=\"\" title=\"\" class=\"easingslider-image easingslider-lazy\" \/><\/div><div class=\"easingslider-slide\"><img decoding=\"async\" src=\"https:\/\/www.college-wallon-ivry.fr\/wp-content\/plugins\/easing-slider\/assets\/images\/placeholder-pixel.png\" data-src=\"https:\/\/www.college-wallon-ivry.fr\/wp-content\/uploads\/2017\/03\/P1180126-640x400.jpg\" alt=\"\" title=\"\" class=\"easingslider-image easingslider-lazy\" \/><\/div><div class=\"easingslider-slide\"><img decoding=\"async\" src=\"https:\/\/www.college-wallon-ivry.fr\/wp-content\/plugins\/easing-slider\/assets\/images\/placeholder-pixel.png\" data-src=\"https:\/\/www.college-wallon-ivry.fr\/wp-content\/uploads\/2017\/03\/P1180125-640x400.jpg\" alt=\"\" title=\"\" class=\"easingslider-image easingslider-lazy\" \/><\/div><div class=\"easingslider-slide\"><img decoding=\"async\" src=\"https:\/\/www.college-wallon-ivry.fr\/wp-content\/plugins\/easing-slider\/assets\/images\/placeholder-pixel.png\" data-src=\"https:\/\/www.college-wallon-ivry.fr\/wp-content\/uploads\/2017\/03\/P1180129-640x400.jpg\" alt=\"\" title=\"\" class=\"easingslider-image easingslider-lazy\" \/><\/div><div class=\"easingslider-slide\"><img decoding=\"async\" src=\"https:\/\/www.college-wallon-ivry.fr\/wp-content\/plugins\/easing-slider\/assets\/images\/placeholder-pixel.png\" data-src=\"https:\/\/www.college-wallon-ivry.fr\/wp-content\/uploads\/2017\/03\/P1180125-640x400.jpg\" alt=\"\" title=\"\" class=\"easingslider-image easingslider-lazy\" \/><\/div><div class=\"easingslider-slide\"><img decoding=\"async\" src=\"https:\/\/www.college-wallon-ivry.fr\/wp-content\/plugins\/easing-slider\/assets\/images\/placeholder-pixel.png\" data-src=\"https:\/\/www.college-wallon-ivry.fr\/wp-content\/uploads\/2017\/03\/P1180124-640x400.jpg\" alt=\"\" title=\"\" class=\"easingslider-image easingslider-lazy\" \/><\/div><div class=\"easingslider-slide\"><img decoding=\"async\" src=\"https:\/\/www.college-wallon-ivry.fr\/wp-content\/plugins\/easing-slider\/assets\/images\/placeholder-pixel.png\" data-src=\"https:\/\/www.college-wallon-ivry.fr\/wp-content\/uploads\/2017\/03\/P1180132-640x400.jpg\" alt=\"\" title=\"\" class=\"easingslider-image easingslider-lazy\" \/><\/div><div class=\"easingslider-slide\"><img decoding=\"async\" src=\"https:\/\/www.college-wallon-ivry.fr\/wp-content\/plugins\/easing-slider\/assets\/images\/placeholder-pixel.png\" data-src=\"https:\/\/www.college-wallon-ivry.fr\/wp-content\/uploads\/2017\/03\/P1180128-640x400.jpg\" alt=\"\" title=\"\" class=\"easingslider-image easingslider-lazy\" \/><\/div><div class=\"easingslider-slide\"><img decoding=\"async\" src=\"https:\/\/www.college-wallon-ivry.fr\/wp-content\/plugins\/easing-slider\/assets\/images\/placeholder-pixel.png\" data-src=\"https:\/\/www.college-wallon-ivry.fr\/wp-content\/uploads\/2017\/03\/P1180127-640x400.jpg\" alt=\"\" title=\"\" class=\"easingslider-image easingslider-lazy\" \/><\/div><\/div>\n<h3>Images li\u00e9es:<\/h3>","protected":false},"excerpt":{"rendered":"<p>A l&rsquo;occasion de la journ\u00e9e des droits de la femme, les \u00e9l\u00e8ves de la classe de 5\u00e8me4 ont travaill\u00e9 sur le th\u00e8me des in\u00e9galit\u00e9s et des st\u00e9r\u00e9otypes homme-femme ainsi que sur le th\u00e8me des violences subies par les femmes. Le r\u00e9sultat de leur r\u00e9flexion est pr\u00e9sent\u00e9 dans le hall du coll\u00e8ge sous la forme d&rsquo;affiches [&hellip;]<\/p>\n","protected":false},"author":1,"featured_media":234,"parent":742,"menu_order":0,"comment_status":"closed","ping_status":"closed","template":"","meta":{"ngg_post_thumbnail":0,"footnotes":""},"categories":[14,16,30],"tags":[39],"class_list":{"0":"post-248","1":"page","2":"type-page","3":"status-publish","4":"has-post-thumbnail","6":"category-pedagogie","7":"category-realisation","8":"category-tolerance","9":"tag-droits-civiques","10":"czr-hentry"},"_links":{"self":[{"href":"https:\/\/www.college-wallon-ivry.fr\/index.php\/wp-json\/wp\/v2\/pages\/248","targetHints":{"allow":["GET"]}}],"collection":[{"href":"https:\/\/www.college-wallon-ivry.fr\/index.php\/wp-json\/wp\/v2\/pages"}],"about":[{"href":"https:\/\/www.college-wallon-ivry.fr\/index.php\/wp-json\/wp\/v2\/types\/page"}],"author":[{"embeddable":true,"href":"https:\/\/www.college-wallon-ivry.fr\/index.php\/wp-json\/wp\/v2\/users\/1"}],"replies":[{"embeddable":true,"href":"https:\/\/www.college-wallon-ivry.fr\/index.php\/wp-json\/wp\/v2\/comments?post=248"}],"version-history":[{"count":3,"href":"https:\/\/www.college-wallon-ivry.fr\/index.php\/wp-json\/wp\/v2\/pages\/248\/revisions"}],"predecessor-version":[{"id":747,"href":"https:\/\/www.college-wallon-ivry.fr\/index.php\/wp-json\/wp\/v2\/pages\/248\/revisions\/747"}],"up":[{"embeddable":true,"href":"https:\/\/www.college-wallon-ivry.fr\/index.php\/wp-json\/wp\/v2\/pages\/742"}],"wp:featuredmedia":[{"embeddable":true,"href":"https:\/\/www.college-wallon-ivry.fr\/index.php\/wp-json\/wp\/v2\/media\/234"}],"wp:attachment":[{"href":"https:\/\/www.college-wallon-ivry.fr\/index.php\/wp-json\/wp\/v2\/media?parent=248"}],"wp:term":[{"taxonomy":"category","embeddable":true,"href":"https:\/\/www.college-wallon-ivry.fr\/index.php\/wp-json\/wp\/v2\/categories?post=248"},{"taxonomy":"post_tag","embeddable":true,"href":"https:\/\/www.college-wallon-ivry.fr\/index.php\/wp-json\/wp\/v2\/tags?post=248"}],"curies":[{"name":"wp","href":"https:\/\/api.w.org\/{rel}","templated":true}]}}

Journée internationales des droits des femmes

<p>A l&rsquo;occasion de la journée des droits de la femme, les élèves de la classe de 5ème4 ont travaillé sur le thème des inégalités et des stéréotypes homme-femme ainsi que sur le thème des violences subies par les femmes.<br />
Le résultat de leur réflexion est présenté dans le hall du collège sous la forme d&rsquo;affiches réalisées par les élèves. Les documentalistes du CDI se sont associées à cette initiative en proposant une série de livre traitant de ce sujet.</p>
<style type="text/css">.easingslider-246 { max-width: 640px; }.easingslider-246 .easingslider-image { max-height: 400px; max-width: 640px; }.easingslider-246 .easingslider-fade-in, .easingslider-fade-out { -webkit-animation-duration: 400ms; -moz-animation-duration: 400ms; animation-duration: 400ms; }</style><script type="text/javascript">window.EasingSlider246 = {"width":640,"height":400,"singleItem":true,"items":1,"itemsDesktop":false,"itemsDesktopSmall":false,"itemsTablet":false,"itemsTabletSmall":false,"itemsMobile":false,"responsive":true,"lazyLoad":true,"autoPlay":4000,"slideSpeed":400,"navigation":true,"navigationText":["",""],"pagination":true,"autoHeight":false,"mouseDrag":false,"touchDrag":false,"addClassActive":true,"transitionStyle":"fade"};</script><div data-id="246" class="easingslider easingslider-246 easingslider-container easingslider-resizing-enabled easingslider-aspect-ratio easingslider-arrows-inside easingslider-pagination-inside easingslider-pagination-bottom-center"><div class="easingslider-slide"><img decoding="async" src="https://www.college-wallon-ivry.fr/wp-content/plugins/easing-slider/assets/images/placeholder-pixel.png" data-src="https://www.college-wallon-ivry.fr/wp-content/uploads/2017/03/P1180123-640x400.jpg" alt="" title="" class="easingslider-image easingslider-lazy" /></div><div class="easingslider-slide"><img decoding="async" src="https://www.college-wallon-ivry.fr/wp-content/plugins/easing-slider/assets/images/placeholder-pixel.png" data-src="https://www.college-wallon-ivry.fr/wp-content/uploads/2017/03/P1180131-640x400.jpg" alt="" title="" class="easingslider-image easingslider-lazy" /></div><div class="easingslider-slide"><img decoding="async" src="https://www.college-wallon-ivry.fr/wp-content/plugins/easing-slider/assets/images/placeholder-pixel.png" data-src="https://www.college-wallon-ivry.fr/wp-content/uploads/2017/03/P1180126-640x400.jpg" alt="" title="" class="easingslider-image easingslider-lazy" /></div><div class="easingslider-slide"><img decoding="async" src="https://www.college-wallon-ivry.fr/wp-content/plugins/easing-slider/assets/images/placeholder-pixel.png" data-src="https://www.college-wallon-ivry.fr/wp-content/uploads/2017/03/P1180125-640x400.jpg" alt="" title="" class="easingslider-image easingslider-lazy" /></div><div class="easingslider-slide"><img decoding="async" src="https://www.college-wallon-ivry.fr/wp-content/plugins/easing-slider/assets/images/placeholder-pixel.png" data-src="https://www.college-wallon-ivry.fr/wp-content/uploads/2017/03/P1180129-640x400.jpg" alt="" title="" class="easingslider-image easingslider-lazy" /></div><div class="easingslider-slide"><img decoding="async" src="https://www.college-wallon-ivry.fr/wp-content/plugins/easing-slider/assets/images/placeholder-pixel.png" data-src="https://www.college-wallon-ivry.fr/wp-content/uploads/2017/03/P1180125-640x400.jpg" alt="" title="" class="easingslider-image easingslider-lazy" /></div><div class="easingslider-slide"><img decoding="async" src="https://www.college-wallon-ivry.fr/wp-content/plugins/easing-slider/assets/images/placeholder-pixel.png" data-src="https://www.college-wallon-ivry.fr/wp-content/uploads/2017/03/P1180124-640x400.jpg" alt="" title="" class="easingslider-image easingslider-lazy" /></div><div class="easingslider-slide"><img decoding="async" src="https://www.college-wallon-ivry.fr/wp-content/plugins/easing-slider/assets/images/placeholder-pixel.png" data-src="https://www.college-wallon-ivry.fr/wp-content/uploads/2017/03/P1180132-640x400.jpg" alt="" title="" class="easingslider-image easingslider-lazy" /></div><div class="easingslider-slide"><img decoding="async" src="https://www.college-wallon-ivry.fr/wp-content/plugins/easing-slider/assets/images/placeholder-pixel.png" data-src="https://www.college-wallon-ivry.fr/wp-content/uploads/2017/03/P1180128-640x400.jpg" alt="" title="" class="easingslider-image easingslider-lazy" /></div><div class="easingslider-slide"><img decoding="async" src="https://www.college-wallon-ivry.fr/wp-content/plugins/easing-slider/assets/images/placeholder-pixel.png" data-src="https://www.college-wallon-ivry.fr/wp-content/uploads/2017/03/P1180127-640x400.jpg" alt="" title="" class="easingslider-image easingslider-lazy" /></div></div>
<h3>Images liées:</h3>

<p>A l&rsquo;occasion de la journée des droits de la femme, les élèves de la classe de 5ème4 ont travaillé sur le thème des inégalités et des stéréotypes homme-femme ainsi que sur le thème des violences subies par les femmes. Le résultat de leur réflexion est présenté dans le hall du collège sous la forme d&rsquo;affiches [&hellip;]</p>
