{"id":401,"date":"2017-03-28T21:03:27","date_gmt":"2017-03-28T19:03:27","guid":{"rendered":"http:\/\/www.college-wallon-ivry.fr\/?page_id=401"},"modified":"2017-03-28T21:20:04","modified_gmt":"2017-03-28T19:20:04","slug":"club-journal","status":"publish","type":"page","link":"https:\/\/www.college-wallon-ivry.fr\/index.php\/le-fse\/club-journal\/","title":{"rendered":"Club journal"},"content":{"rendered":"<p>Le club journal du coll\u00e8ge se r\u00e9unit tous les lundis midi au CDI.<\/p>\n<p>Les \u00e9l\u00e8ves du club ont le plaisir de vous communiquer le dernier num\u00e9ro de Plan\u00e8te Wallon.<\/p>\n<p>Bonne lecture<\/p>\n<div style=\"text-align: center; width:560px; margin: 12px auto;\"><div style=\"margin: 4px 0px;\"><a href=\"http:\/\/calameo.com\/books\/002939296c1a475aab3d8\">View this publication on Calam&eacute;o<\/a><\/div><iframe loading=\"lazy\" src=\"\/\/v.calameo.com\/?bkcode=002939296c1a475aab3d8&amp;language=fr&amp;page=&amp;showsharemenu=false&amp;mode=viewer\" width=\"560\" height=\"350\" style=\"width:560px;height:350px\" frameborder=\"0\" scrolling=\"no\" allowtransparency allowfullscreen><\/iframe><div style=\"margin: 4px 0px; font-size: 90%;\"><a rel=\"nofollow\" href=\"http:\/\/calameo.com\/upload\">Publish<\/a> at <a href=\"http:\/\/calameo.com\">Calam&eacute;o<\/a> or <a href=\"http:\/\/calameo.com\/browse\/weekly\/?o=7&amp;w=DESC\">browse<\/a> the library.<\/div><\/div>\n<h3>Images li\u00e9es:<\/h3>","protected":false},"excerpt":{"rendered":"<p>Le club journal du coll\u00e8ge se r\u00e9unit tous les lundis midi au CDI. Les \u00e9l\u00e8ves du club ont le plaisir de vous communiquer le dernier num\u00e9ro de Plan\u00e8te Wallon. Bonne lecture Images li\u00e9es:<\/p>\n","protected":false},"author":1,"featured_media":0,"parent":50,"menu_order":0,"comment_status":"closed","ping_status":"closed","template":"","meta":{"ngg_post_thumbnail":0,"footnotes":""},"categories":[26,27,16],"tags":[44],"class_list":{"0":"post-401","1":"page","2":"type-page","3":"status-publish","5":"category-cdi","6":"category-club","7":"category-realisation","8":"tag-journal","9":"czr-hentry"},"_links":{"self":[{"href":"https:\/\/www.college-wallon-ivry.fr\/index.php\/wp-json\/wp\/v2\/pages\/401","targetHints":{"allow":["GET"]}}],"collection":[{"href":"https:\/\/www.college-wallon-ivry.fr\/index.php\/wp-json\/wp\/v2\/pages"}],"about":[{"href":"https:\/\/www.college-wallon-ivry.fr\/index.php\/wp-json\/wp\/v2\/types\/page"}],"author":[{"embeddable":true,"href":"https:\/\/www.college-wallon-ivry.fr\/index.php\/wp-json\/wp\/v2\/users\/1"}],"replies":[{"embeddable":true,"href":"https:\/\/www.college-wallon-ivry.fr\/index.php\/wp-json\/wp\/v2\/comments?post=401"}],"version-history":[{"count":5,"href":"https:\/\/www.college-wallon-ivry.fr\/index.php\/wp-json\/wp\/v2\/pages\/401\/revisions"}],"predecessor-version":[{"id":406,"href":"https:\/\/www.college-wallon-ivry.fr\/index.php\/wp-json\/wp\/v2\/pages\/401\/revisions\/406"}],"up":[{"embeddable":true,"href":"https:\/\/www.college-wallon-ivry.fr\/index.php\/wp-json\/wp\/v2\/pages\/50"}],"wp:attachment":[{"href":"https:\/\/www.college-wallon-ivry.fr\/index.php\/wp-json\/wp\/v2\/media?parent=401"}],"wp:term":[{"taxonomy":"category","embeddable":true,"href":"https:\/\/www.college-wallon-ivry.fr\/index.php\/wp-json\/wp\/v2\/categories?post=401"},{"taxonomy":"post_tag","embeddable":true,"href":"https:\/\/www.college-wallon-ivry.fr\/index.php\/wp-json\/wp\/v2\/tags?post=401"}],"curies":[{"name":"wp","href":"https:\/\/api.w.org\/{rel}","templated":true}]}}