{"id":485,"date":"2017-05-11T16:27:56","date_gmt":"2017-05-11T14:27:56","guid":{"rendered":"http:\/\/www.college-wallon-ivry.fr\/?page_id=485"},"modified":"2018-09-07T22:47:34","modified_gmt":"2018-09-07T20:47:34","slug":"club-manga","status":"publish","type":"page","link":"https:\/\/www.college-wallon-ivry.fr\/index.php\/le-fse\/club-manga\/","title":{"rendered":"Club manga"},"content":{"rendered":"<p>Les \u00e9l\u00e8ves du club manga se r\u00e9unissent tous les vendredis midi au CDI pour lire ou dessiner des mangas.<\/p>\n<p>Dans ce cadre, des \u00e9l\u00e8ves participent \u00e0 un concours de dessins inter-\u00e9tablissements (Ivry-sur-Seine et Vitry-sur-Seine) : Mangaka sur Seine.<\/p>\n<p>Cette ann\u00e9e l&rsquo;exposition se d\u00e9roule du 03 mai au 24 mai 2017 \u00e0 la m\u00e9diath\u00e8que du plateau Monmousseau (Ivry-sur-Seine) et \u00e0 la m\u00e9diath\u00e8que N. Mandela (Vitry-sur-Seine). N&rsquo;h\u00e9sitez pas \u00e0 vous y rendre afin de voter pour votre dessin favoris.<\/p>\n<p>La m\u00e9diath\u00e8que en parle : <a href=\"http:\/\/mediatheque.ivry94.fr\/Default\/doc\/AGENDA\/116\">http:\/\/mediatheque.ivry94.fr\/Default\/doc\/AGENDA\/116<\/a><\/p>\n<style type=\"text\/css\">.easingslider-489 { max-width: 640px; }.easingslider-489 .easingslider-image { max-height: 400px; max-width: 640px; }.easingslider-489 .easingslider-fade-in, .easingslider-fade-out { -webkit-animation-duration: 400ms; -moz-animation-duration: 400ms; animation-duration: 400ms; }<\/style><script type=\"text\/javascript\">window.EasingSlider489 = {\"width\":640,\"height\":400,\"singleItem\":true,\"items\":1,\"itemsDesktop\":false,\"itemsDesktopSmall\":false,\"itemsTablet\":false,\"itemsTabletSmall\":false,\"itemsMobile\":false,\"responsive\":true,\"lazyLoad\":true,\"autoPlay\":4000,\"slideSpeed\":400,\"navigation\":true,\"navigationText\":[\"\",\"\"],\"pagination\":true,\"autoHeight\":false,\"mouseDrag\":false,\"touchDrag\":false,\"addClassActive\":true,\"transitionStyle\":\"fade\"};<\/script><div data-id=\"489\" class=\"easingslider easingslider-489 easingslider-container easingslider-resizing-enabled easingslider-aspect-ratio easingslider-arrows-inside easingslider-pagination-inside easingslider-pagination-bottom-center\"><div class=\"easingslider-slide\"><img decoding=\"async\" src=\"https:\/\/www.college-wallon-ivry.fr\/wp-content\/plugins\/easing-slider\/assets\/images\/placeholder-pixel.png\" data-src=\"https:\/\/www.college-wallon-ivry.fr\/wp-content\/uploads\/2017\/05\/IMG_0002-2-640x400.jpg\" alt=\"\" title=\"\" class=\"easingslider-image easingslider-lazy\" \/><\/div><div class=\"easingslider-slide\"><img decoding=\"async\" src=\"https:\/\/www.college-wallon-ivry.fr\/wp-content\/plugins\/easing-slider\/assets\/images\/placeholder-pixel.png\" data-src=\"https:\/\/www.college-wallon-ivry.fr\/wp-content\/uploads\/2017\/05\/expo-2017-monmousseau-640x400.jpg\" alt=\"\" title=\"\" class=\"easingslider-image easingslider-lazy\" \/><\/div><div class=\"easingslider-slide\"><img decoding=\"async\" src=\"https:\/\/www.college-wallon-ivry.fr\/wp-content\/plugins\/easing-slider\/assets\/images\/placeholder-pixel.png\" data-src=\"https:\/\/www.college-wallon-ivry.fr\/wp-content\/uploads\/2017\/05\/expo-2017-mandela-640x400.jpg\" alt=\"\" title=\"\" class=\"easingslider-image easingslider-lazy\" \/><\/div><\/div>\n<h3>Images li\u00e9es:<\/h3>","protected":false},"excerpt":{"rendered":"<p>Les \u00e9l\u00e8ves du club manga se r\u00e9unissent tous les vendredis midi au CDI pour lire ou dessiner des mangas. Dans ce cadre, des \u00e9l\u00e8ves participent \u00e0 un concours de dessins inter-\u00e9tablissements (Ivry-sur-Seine et Vitry-sur-Seine) : Mangaka sur Seine. Cette ann\u00e9e l&rsquo;exposition se d\u00e9roule du 03 mai au 24 mai 2017 \u00e0 la m\u00e9diath\u00e8que du plateau [&hellip;]<\/p>\n","protected":false},"author":1,"featured_media":0,"parent":50,"menu_order":0,"comment_status":"closed","ping_status":"closed","template":"","meta":{"ngg_post_thumbnail":0,"footnotes":""},"categories":[26,27],"tags":[],"class_list":{"0":"post-485","1":"page","2":"type-page","3":"status-publish","5":"category-cdi","6":"category-club","7":"czr-hentry"},"_links":{"self":[{"href":"https:\/\/www.college-wallon-ivry.fr\/index.php\/wp-json\/wp\/v2\/pages\/485","targetHints":{"allow":["GET"]}}],"collection":[{"href":"https:\/\/www.college-wallon-ivry.fr\/index.php\/wp-json\/wp\/v2\/pages"}],"about":[{"href":"https:\/\/www.college-wallon-ivry.fr\/index.php\/wp-json\/wp\/v2\/types\/page"}],"author":[{"embeddable":true,"href":"https:\/\/www.college-wallon-ivry.fr\/index.php\/wp-json\/wp\/v2\/users\/1"}],"replies":[{"embeddable":true,"href":"https:\/\/www.college-wallon-ivry.fr\/index.php\/wp-json\/wp\/v2\/comments?post=485"}],"version-history":[{"count":3,"href":"https:\/\/www.college-wallon-ivry.fr\/index.php\/wp-json\/wp\/v2\/pages\/485\/revisions"}],"predecessor-version":[{"id":491,"href":"https:\/\/www.college-wallon-ivry.fr\/index.php\/wp-json\/wp\/v2\/pages\/485\/revisions\/491"}],"up":[{"embeddable":true,"href":"https:\/\/www.college-wallon-ivry.fr\/index.php\/wp-json\/wp\/v2\/pages\/50"}],"wp:attachment":[{"href":"https:\/\/www.college-wallon-ivry.fr\/index.php\/wp-json\/wp\/v2\/media?parent=485"}],"wp:term":[{"taxonomy":"category","embeddable":true,"href":"https:\/\/www.college-wallon-ivry.fr\/index.php\/wp-json\/wp\/v2\/categories?post=485"},{"taxonomy":"post_tag","embeddable":true,"href":"https:\/\/www.college-wallon-ivry.fr\/index.php\/wp-json\/wp\/v2\/tags?post=485"}],"curies":[{"name":"wp","href":"https:\/\/api.w.org\/{rel}","templated":true}]}}