{"id":687,"date":"2017-07-02T14:36:13","date_gmt":"2017-07-02T12:36:13","guid":{"rendered":"http:\/\/www.college-wallon-ivry.fr\/?page_id=687"},"modified":"2018-09-09T22:45:47","modified_gmt":"2018-09-09T20:45:47","slug":"padlet-accompagnement-educatif","status":"publish","type":"page","link":"https:\/\/www.college-wallon-ivry.fr\/index.php\/liens-utiles\/padlet-accompagnement-educatif\/","title":{"rendered":"Padlet accompagnement \u00e9ducatif"},"content":{"rendered":"<p style=\"text-align: center;\">Quelques ressources , une proposition de progression et des id\u00e9es d&rsquo;activit\u00e9s, \u00e0 compl\u00e9ter.<span style=\"color: #0000ff;\">\u00a0<a href=\"https:\/\/padlet.com\/sgermainhg\/9sd93pn16euc\" target=\"_blank\" rel=\"noopener noreferrer\"><img loading=\"lazy\" decoding=\"async\" class=\"aligncenter wp-image-677\" src=\"http:\/\/www.college-wallon-ivry.fr\/wp-content\/uploads\/2017\/07\/Capture3-300x227.jpg\" alt=\"\" width=\"225\" height=\"171\" srcset=\"https:\/\/www.college-wallon-ivry.fr\/wp-content\/uploads\/2017\/07\/Capture3-300x227.jpg 300w, https:\/\/www.college-wallon-ivry.fr\/wp-content\/uploads\/2017\/07\/Capture3-400x303.jpg 400w, https:\/\/www.college-wallon-ivry.fr\/wp-content\/uploads\/2017\/07\/Capture3.jpg 707w\" sizes=\"auto, (max-width: 225px) 100vw, 225px\" \/><\/a>\u00a0<\/span><a href=\"https:\/\/padlet.com\/sgermainhg\/9sd93pn16euc\" target=\"_blank\" rel=\"noopener noreferrer\"><span style=\"color: #0000ff;\">Padlet Accompagnement \u00e9ducatif \u00a0<\/span><\/a><\/p>\n<h3>Images li\u00e9es:<\/h3>","protected":false},"excerpt":{"rendered":"<p>Quelques ressources , une proposition de progression et des id\u00e9es d&rsquo;activit\u00e9s, \u00e0 compl\u00e9ter.\u00a0\u00a0Padlet Accompagnement \u00e9ducatif \u00a0 Images li\u00e9es:<\/p>\n","protected":false},"author":1,"featured_media":0,"parent":69,"menu_order":2,"comment_status":"closed","ping_status":"closed","template":"","meta":{"ngg_post_thumbnail":0,"footnotes":""},"categories":[14],"tags":[],"class_list":{"0":"post-687","1":"page","2":"type-page","3":"status-publish","5":"category-pedagogie","6":"czr-hentry"},"_links":{"self":[{"href":"https:\/\/www.college-wallon-ivry.fr\/index.php\/wp-json\/wp\/v2\/pages\/687","targetHints":{"allow":["GET"]}}],"collection":[{"href":"https:\/\/www.college-wallon-ivry.fr\/index.php\/wp-json\/wp\/v2\/pages"}],"about":[{"href":"https:\/\/www.college-wallon-ivry.fr\/index.php\/wp-json\/wp\/v2\/types\/page"}],"author":[{"embeddable":true,"href":"https:\/\/www.college-wallon-ivry.fr\/index.php\/wp-json\/wp\/v2\/users\/1"}],"replies":[{"embeddable":true,"href":"https:\/\/www.college-wallon-ivry.fr\/index.php\/wp-json\/wp\/v2\/comments?post=687"}],"version-history":[{"count":9,"href":"https:\/\/www.college-wallon-ivry.fr\/index.php\/wp-json\/wp\/v2\/pages\/687\/revisions"}],"predecessor-version":[{"id":3834,"href":"https:\/\/www.college-wallon-ivry.fr\/index.php\/wp-json\/wp\/v2\/pages\/687\/revisions\/3834"}],"up":[{"embeddable":true,"href":"https:\/\/www.college-wallon-ivry.fr\/index.php\/wp-json\/wp\/v2\/pages\/69"}],"wp:attachment":[{"href":"https:\/\/www.college-wallon-ivry.fr\/index.php\/wp-json\/wp\/v2\/media?parent=687"}],"wp:term":[{"taxonomy":"category","embeddable":true,"href":"https:\/\/www.college-wallon-ivry.fr\/index.php\/wp-json\/wp\/v2\/categories?post=687"},{"taxonomy":"post_tag","embeddable":true,"href":"https:\/\/www.college-wallon-ivry.fr\/index.php\/wp-json\/wp\/v2\/tags?post=687"}],"curies":[{"name":"wp","href":"https:\/\/api.w.org\/{rel}","templated":true}]}}