{"id":742,"date":"2017-09-05T22:39:12","date_gmt":"2017-09-05T20:39:12","guid":{"rendered":"http:\/\/www.college-wallon-ivry.fr\/?page_id=742"},"modified":"2018-09-07T22:49:51","modified_gmt":"2018-09-07T20:49:51","slug":"annee-20162017","status":"publish","type":"page","link":"https:\/\/www.college-wallon-ivry.fr\/index.php\/les-aventures-pedagogiques\/annee-20162017\/","title":{"rendered":"Ann\u00e9e 2016\/2017"},"content":{"rendered":"<ul>\n<li><a href=\"http:\/\/www.college-wallon-ivry.fr\/index.php\/pedagogie\/les-aventures-pedagogiques\/archives-divry-et-memoire-de-seconde-guerre-mondiale\/\">Archives d&rsquo;Ivry et m\u00e9moire de la seconde guerre mondiale:<\/a>\u00a0exposition sur les bombardements de la ville d\u2019Ivry lors de la seconde guerre mondiale.<\/li>\n<\/ul>\n<p>&nbsp;<\/p>\n<ul>\n<li><a href=\"http:\/\/www.college-wallon-ivry.fr\/index.php\/pedagogie\/les-aventures-pedagogiques\/journee-internationales-des-droits-des-femmes\/\">Journ\u00e9e internationale des droits de la femme:<\/a>\u00a0travail sur le th\u00e8me des in\u00e9galit\u00e9s et des st\u00e9r\u00e9otypes homme-femme, exposition au coll\u00e8ge Henri Wallon<\/li>\n<\/ul>\n<p>&nbsp;<\/p>\n<ul>\n<li><a href=\"http:\/\/www.college-wallon-ivry.fr\/index.php\/pedagogie\/les-aventures-pedagogiques\/annee-20162017\/film-danimation-4eme3\/\">Film d&rsquo;animation 4\u00e8me3:\u00a0<\/a>r\u00e9alisation d&rsquo;un film d\u2019animation traitant des mots, du pouvoir des mots ou du jeu avec les mots.<\/li>\n<\/ul>\n<p>&nbsp;<\/p>\n<ul>\n<li><a href=\"http:\/\/www.college-wallon-ivry.fr\/index.php\/pedagogie\/les-aventures-pedagogiques\/performance-artistique-et-haruki-murakami-4eme2\/\">Performance artistique \u00ab\u00a0Notre \u00e9trange CDI:<\/a> les \u00e9l\u00e8ves ont transform\u00e9 leur CDI en un lieu myst\u00e9rieux, et en s\u2019inspirant de l\u2019univers de l\u2019auteur japonais Murakami<\/li>\n<\/ul>\n<p>&nbsp;<\/p>\n<ul>\n<li><a href=\"http:\/\/www.college-wallon-ivry.fr\/index.php\/pedagogie\/les-aventures-pedagogiques\/semaine-de-la-presse-et-des-medias\/\">Semaine de la presse et des m\u00e9dias:<\/a>\u00a0les classes de 4\u00e8me3 et 4\u00e8me7 ont particip\u00e9 au \u00ab\u00a0concours de Unes\u00a0\u00bb organis\u00e9 par le CLEMI-Cr\u00e9teil en partenariat avec l\u2019AFP.<\/li>\n<\/ul>\n<p>&nbsp;<\/p>\n<ul>\n<li><a href=\"http:\/\/www.college-wallon-ivry.fr\/index.php\/pedagogie\/les-aventures-pedagogiques\/theatre-3eme2\/\">Th\u00e9\u00e2tre (3\u00e8me2):\u00a0<\/a>Les \u00e9l\u00e8ves de 3\u00e8me 2 ont jou\u00e9 la pi\u00e8ce de th\u00e9\u00e2tre qu\u2019ils ont \u00e9crite, elle s\u2019intitule <em>L\u2019Homme en tutu vert ou le pouvoir des mots<\/em><\/li>\n<\/ul>\n<h3>Images li\u00e9es:<\/h3>","protected":false},"excerpt":{"rendered":"<p>Archives d&rsquo;Ivry et m\u00e9moire de la seconde guerre mondiale:\u00a0exposition sur les bombardements de la ville d\u2019Ivry lors de la seconde guerre mondiale. &nbsp; Journ\u00e9e internationale des droits de la femme:\u00a0travail sur le th\u00e8me des in\u00e9galit\u00e9s et des st\u00e9r\u00e9otypes homme-femme, exposition au coll\u00e8ge Henri Wallon &nbsp; Film d&rsquo;animation 4\u00e8me3:\u00a0r\u00e9alisation d&rsquo;un film d\u2019animation traitant des mots, du [&hellip;]<\/p>\n","protected":false},"author":1,"featured_media":0,"parent":54,"menu_order":0,"comment_status":"closed","ping_status":"closed","template":"","meta":{"ngg_post_thumbnail":0,"footnotes":""},"categories":[14,15,16],"tags":[],"class_list":{"0":"post-742","1":"page","2":"type-page","3":"status-publish","5":"category-pedagogie","6":"category-projet","7":"category-realisation","8":"czr-hentry"},"_links":{"self":[{"href":"https:\/\/www.college-wallon-ivry.fr\/index.php\/wp-json\/wp\/v2\/pages\/742","targetHints":{"allow":["GET"]}}],"collection":[{"href":"https:\/\/www.college-wallon-ivry.fr\/index.php\/wp-json\/wp\/v2\/pages"}],"about":[{"href":"https:\/\/www.college-wallon-ivry.fr\/index.php\/wp-json\/wp\/v2\/types\/page"}],"author":[{"embeddable":true,"href":"https:\/\/www.college-wallon-ivry.fr\/index.php\/wp-json\/wp\/v2\/users\/1"}],"replies":[{"embeddable":true,"href":"https:\/\/www.college-wallon-ivry.fr\/index.php\/wp-json\/wp\/v2\/comments?post=742"}],"version-history":[{"count":6,"href":"https:\/\/www.college-wallon-ivry.fr\/index.php\/wp-json\/wp\/v2\/pages\/742\/revisions"}],"predecessor-version":[{"id":3298,"href":"https:\/\/www.college-wallon-ivry.fr\/index.php\/wp-json\/wp\/v2\/pages\/742\/revisions\/3298"}],"up":[{"embeddable":true,"href":"https:\/\/www.college-wallon-ivry.fr\/index.php\/wp-json\/wp\/v2\/pages\/54"}],"wp:attachment":[{"href":"https:\/\/www.college-wallon-ivry.fr\/index.php\/wp-json\/wp\/v2\/media?parent=742"}],"wp:term":[{"taxonomy":"category","embeddable":true,"href":"https:\/\/www.college-wallon-ivry.fr\/index.php\/wp-json\/wp\/v2\/categories?post=742"},{"taxonomy":"post_tag","embeddable":true,"href":"https:\/\/www.college-wallon-ivry.fr\/index.php\/wp-json\/wp\/v2\/tags?post=742"}],"curies":[{"name":"wp","href":"https:\/\/api.w.org\/{rel}","templated":true}]}}