{"id":866,"date":"2019-06-05T21:38:41","date_gmt":"2019-06-05T19:38:41","guid":{"rendered":"http:\/\/www.college-wallon-ivry.fr\/?page_id=866"},"modified":"2019-06-05T22:33:25","modified_gmt":"2019-06-05T20:33:25","slug":"resultats","status":"publish","type":"page","link":"https:\/\/www.college-wallon-ivry.fr\/index.php\/la-section-handball\/resultats\/","title":{"rendered":"Calendrier &#038; R\u00e9sultats 2018\/2019"},"content":{"rendered":"<div id=\"pl-866\"  class=\"panel-layout\" ><div id=\"pg-866-0\"  class=\"panel-grid panel-has-style\" ><div class=\"panel-row-style panel-row-style-for-866-0\" ><div id=\"pgc-866-0-0\"  class=\"panel-grid-cell\" ><div id=\"panel-866-0-0-0\" class=\"so-panel widget widget_siteorigin-panels-builder panel-first-child panel-last-child\" data-index=\"0\" ><div id=\"pl-w5cf8271509642\"  class=\"panel-layout\" ><div id=\"pg-w5cf8271509642-0\"  class=\"panel-grid panel-no-style\" ><div id=\"pgc-w5cf8271509642-0-0\"  class=\"panel-grid-cell\" ><div id=\"panel-w5cf8271509642-0-0-0\" class=\"so-panel widget widget_sow-editor panel-first-child panel-last-child\" data-index=\"0\" ><div\n\t\t\t\n\t\t\tclass=\"so-widget-sow-editor so-widget-sow-editor-base\"\n\t\t\t\n\t\t>\n<div class=\"siteorigin-widget-tinymce textwidget\">\n\t<h2>Mercredi 5 juin : <span style=\"color: #ff0000;\">Henri Wallon<\/span> 30-32 <span style=\"color: #00ff00;\">Montreuil<\/span>&nbsp;&nbsp;&nbsp; et&nbsp;&nbsp;&nbsp;&nbsp; <span style=\"color: #ff0000;\">Henri Wallon<\/span> 21-30 <span style=\"color: #00ff00;\">Pontault<\/span><\/h2>\n<\/div>\n<\/div><\/div><\/div><\/div><div id=\"pg-w5cf8271509642-1\"  class=\"panel-grid panel-no-style\" ><div id=\"pgc-w5cf8271509642-1-0\"  class=\"panel-grid-cell\" ><div id=\"panel-w5cf8271509642-1-0-0\" class=\"so-panel widget widget_sow-editor panel-first-child panel-last-child\" data-index=\"1\" ><div\n\t\t\t\n\t\t\tclass=\"so-widget-sow-editor so-widget-sow-editor-base\"\n\t\t\t\n\t\t>\n<div class=\"siteorigin-widget-tinymce textwidget\">\n\t<h4>Tr\u00e8s belle 3\u00e8 place en finale r\u00e9gionale pour les 6\u00e8-5\u00e8.&nbsp;<\/h4>\n<h4>Une premi\u00e8re pour la section \u00e0 Wallon ! De bon augure pour l'ann\u00e9e prochaine !<\/h4>\n<\/div>\n<\/div><\/div><\/div><div id=\"pgc-w5cf8271509642-1-1\"  class=\"panel-grid-cell\" ><div id=\"panel-w5cf8271509642-1-1-0\" class=\"so-panel widget widget_sow-image panel-first-child panel-last-child\" data-index=\"2\" ><div\n\t\t\t\n\t\t\tclass=\"so-widget-sow-image so-widget-sow-image-default-c67d20f9f743\"\n\t\t\t\n\t\t>\n<div class=\"sow-image-container\">\n\t\t\t<a href=\"http:\/\/www.college-wallon-ivry.fr\/wp-content\/uploads\/2019\/06\/IMG_20190605_1559581.jpg\"\n\t\t\t\t\t>\n\t\t\t<img \n\tsrc=\"https:\/\/www.college-wallon-ivry.fr\/wp-content\/uploads\/2019\/06\/IMG_20190605_1559581-300x225.jpg\" width=\"300\" height=\"225\" srcset=\"https:\/\/www.college-wallon-ivry.fr\/wp-content\/uploads\/2019\/06\/IMG_20190605_1559581-300x225.jpg 300w, https:\/\/www.college-wallon-ivry.fr\/wp-content\/uploads\/2019\/06\/IMG_20190605_1559581-768x576.jpg 768w, https:\/\/www.college-wallon-ivry.fr\/wp-content\/uploads\/2019\/06\/IMG_20190605_1559581-1024x768.jpg 1024w, https:\/\/www.college-wallon-ivry.fr\/wp-content\/uploads\/2019\/06\/IMG_20190605_1559581-400x300.jpg 400w, https:\/\/www.college-wallon-ivry.fr\/wp-content\/uploads\/2019\/06\/IMG_20190605_1559581.jpg 1080w\" sizes=\"(max-width: 300px) 100vw, 300px\" alt=\"\" \t\tclass=\"so-widget-image\"\/>\n\t\t\t<\/a><\/div>\n\n<\/div><\/div><\/div><\/div><\/div><\/div><\/div><\/div><\/div><div id=\"pg-866-1\"  class=\"panel-grid panel-has-style\" ><div class=\"panel-row-style panel-row-style-for-866-1\" ><div id=\"pgc-866-1-0\"  class=\"panel-grid-cell\" ><div id=\"panel-866-1-0-0\" class=\"so-panel widget widget_sow-editor panel-first-child panel-last-child\" data-index=\"1\" ><div\n\t\t\t\n\t\t\tclass=\"so-widget-sow-editor so-widget-sow-editor-base\"\n\t\t\t\n\t\t>\n<div class=\"siteorigin-widget-tinymce textwidget\">\n\t<h3>Mercredi 30 janvier<span style=\"color: #000000;\"> : <\/span><span style=\"color: #ff0000;\">Champigny<\/span> <span style=\"color: #000000;\">23 - 29<\/span> <strong><span style=\"color: #00ff00;\">Henri Wallon &nbsp;<\/span><br \/>\n<\/strong><\/h3>\n<h3>Mercredi 20 f\u00e9vrier : <span style=\"color: #666699;\">Henri Wallon<\/span> <span style=\"color: #000000;\">31 - 31<\/span> <span style=\"color: #666699;\">Champigny<\/span><\/h3>\n<p>L'\u00e9quipe se classe 1\u00e8re du d\u00e9partement, ce qui permet de rencontrer des \u00e9quipes class\u00e9es 2\u00e8 ou 3\u00e8 du 77 et du 93 pour le 1er tour r\u00e9gional pr\u00e9vu en mai...<\/p>\n<p>Bravo et allez Wallon<\/p>\n<p>&nbsp;<\/p>\n<\/div>\n<\/div><\/div><\/div><\/div><\/div><\/div><h3>Images li\u00e9es:<\/h3>","protected":false},"excerpt":{"rendered":"<p>Mercredi 30 janvier : Champigny 23 &#8211; 29 Henri Wallon &nbsp; Mercredi 20 f\u00e9vrier : Henri Wallon 31 &#8211; 31 Champigny L&rsquo;\u00e9quipe se classe 1\u00e8re du d\u00e9partement, ce qui permet de rencontrer des \u00e9quipes class\u00e9es 2\u00e8 ou 3\u00e8 du 77 et du 93 pour le 1er tour r\u00e9gional pr\u00e9vu en mai&#8230; Bravo et allez Wallon [&hellip;]<\/p>\n","protected":false},"author":1,"featured_media":0,"parent":800,"menu_order":0,"comment_status":"closed","ping_status":"closed","template":"","meta":{"ngg_post_thumbnail":0,"footnotes":""},"categories":[49],"tags":[],"class_list":{"0":"post-866","1":"page","2":"type-page","3":"status-publish","5":"category-action","6":"czr-hentry"},"_links":{"self":[{"href":"https:\/\/www.college-wallon-ivry.fr\/index.php\/wp-json\/wp\/v2\/pages\/866","targetHints":{"allow":["GET"]}}],"collection":[{"href":"https:\/\/www.college-wallon-ivry.fr\/index.php\/wp-json\/wp\/v2\/pages"}],"about":[{"href":"https:\/\/www.college-wallon-ivry.fr\/index.php\/wp-json\/wp\/v2\/types\/page"}],"author":[{"embeddable":true,"href":"https:\/\/www.college-wallon-ivry.fr\/index.php\/wp-json\/wp\/v2\/users\/1"}],"replies":[{"embeddable":true,"href":"https:\/\/www.college-wallon-ivry.fr\/index.php\/wp-json\/wp\/v2\/comments?post=866"}],"version-history":[{"count":90,"href":"https:\/\/www.college-wallon-ivry.fr\/index.php\/wp-json\/wp\/v2\/pages\/866\/revisions"}],"predecessor-version":[{"id":7552,"href":"https:\/\/www.college-wallon-ivry.fr\/index.php\/wp-json\/wp\/v2\/pages\/866\/revisions\/7552"}],"up":[{"embeddable":true,"href":"https:\/\/www.college-wallon-ivry.fr\/index.php\/wp-json\/wp\/v2\/pages\/800"}],"wp:attachment":[{"href":"https:\/\/www.college-wallon-ivry.fr\/index.php\/wp-json\/wp\/v2\/media?parent=866"}],"wp:term":[{"taxonomy":"category","embeddable":true,"href":"https:\/\/www.college-wallon-ivry.fr\/index.php\/wp-json\/wp\/v2\/categories?post=866"},{"taxonomy":"post_tag","embeddable":true,"href":"https:\/\/www.college-wallon-ivry.fr\/index.php\/wp-json\/wp\/v2\/tags?post=866"}],"curies":[{"name":"wp","href":"https:\/\/api.w.org\/{rel}","templated":true}]}}

Calendrier &#038; Résultats 2018/2019

<div id="pl-866"  class="panel-layout" ><div id="pg-866-0"  class="panel-grid panel-has-style" ><div class="panel-row-style panel-row-style-for-866-0" ><div id="pgc-866-0-0"  class="panel-grid-cell" ><div id="panel-866-0-0-0" class="so-panel widget widget_siteorigin-panels-builder panel-first-child panel-last-child" data-index="0" ><div id="pl-w5cf8271509642"  class="panel-layout" ><div id="pg-w5cf8271509642-0"  class="panel-grid panel-no-style" ><div id="pgc-w5cf8271509642-0-0"  class="panel-grid-cell" ><div id="panel-w5cf8271509642-0-0-0" class="so-panel widget widget_sow-editor panel-first-child panel-last-child" data-index="0" ><div
			
			class="so-widget-sow-editor so-widget-sow-editor-base"
			
		>
<div class="siteorigin-widget-tinymce textwidget">
	<h2>Mercredi 5 juin : <span style="color: #ff0000;">Henri Wallon</span> 30-32 <span style="color: #00ff00;">Montreuil</span>&nbsp;&nbsp;&nbsp; et&nbsp;&nbsp;&nbsp;&nbsp; <span style="color: #ff0000;">Henri Wallon</span> 21-30 <span style="color: #00ff00;">Pontault</span></h2>
</div>
</div></div></div></div><div id="pg-w5cf8271509642-1"  class="panel-grid panel-no-style" ><div id="pgc-w5cf8271509642-1-0"  class="panel-grid-cell" ><div id="panel-w5cf8271509642-1-0-0" class="so-panel widget widget_sow-editor panel-first-child panel-last-child" data-index="1" ><div
			
			class="so-widget-sow-editor so-widget-sow-editor-base"
			
		>
<div class="siteorigin-widget-tinymce textwidget">
	<h4>Très belle 3è place en finale régionale pour les 6è-5è.&nbsp;</h4>
<h4>Une première pour la section à Wallon ! De bon augure pour l'année prochaine !</h4>
</div>
</div></div></div><div id="pgc-w5cf8271509642-1-1"  class="panel-grid-cell" ><div id="panel-w5cf8271509642-1-1-0" class="so-panel widget widget_sow-image panel-first-child panel-last-child" data-index="2" ><div
			
			class="so-widget-sow-image so-widget-sow-image-default-c67d20f9f743"
			
		>
<div class="sow-image-container">
			<a href="http://www.college-wallon-ivry.fr/wp-content/uploads/2019/06/IMG_20190605_1559581.jpg"
					>
			<img 
	src="https://www.college-wallon-ivry.fr/wp-content/uploads/2019/06/IMG_20190605_1559581-300x225.jpg" width="300" height="225" srcset="https://www.college-wallon-ivry.fr/wp-content/uploads/2019/06/IMG_20190605_1559581-300x225.jpg 300w, https://www.college-wallon-ivry.fr/wp-content/uploads/2019/06/IMG_20190605_1559581-768x576.jpg 768w, https://www.college-wallon-ivry.fr/wp-content/uploads/2019/06/IMG_20190605_1559581-1024x768.jpg 1024w, https://www.college-wallon-ivry.fr/wp-content/uploads/2019/06/IMG_20190605_1559581-400x300.jpg 400w, https://www.college-wallon-ivry.fr/wp-content/uploads/2019/06/IMG_20190605_1559581.jpg 1080w" sizes="(max-width: 300px) 100vw, 300px" alt="" 		class="so-widget-image"/>
			</a></div>

</div></div></div></div></div></div></div></div></div><div id="pg-866-1"  class="panel-grid panel-has-style" ><div class="panel-row-style panel-row-style-for-866-1" ><div id="pgc-866-1-0"  class="panel-grid-cell" ><div id="panel-866-1-0-0" class="so-panel widget widget_sow-editor panel-first-child panel-last-child" data-index="1" ><div
			
			class="so-widget-sow-editor so-widget-sow-editor-base"
			
		>
<div class="siteorigin-widget-tinymce textwidget">
	<h3>Mercredi 30 janvier<span style="color: #000000;"> : </span><span style="color: #ff0000;">Champigny</span> <span style="color: #000000;">23 - 29</span> <strong><span style="color: #00ff00;">Henri Wallon &nbsp;</span><br />
</strong></h3>
<h3>Mercredi 20 février : <span style="color: #666699;">Henri Wallon</span> <span style="color: #000000;">31 - 31</span> <span style="color: #666699;">Champigny</span></h3>
<p>L'équipe se classe 1ère du département, ce qui permet de rencontrer des équipes classées 2è ou 3è du 77 et du 93 pour le 1er tour régional prévu en mai...</p>
<p>Bravo et allez Wallon</p>
<p>&nbsp;</p>
</div>
</div></div></div></div></div></div><h3>Images liées:</h3>

<p>Mercredi 30 janvier : Champigny 23 &#8211; 29 Henri Wallon &nbsp; Mercredi 20 février : Henri Wallon 31 &#8211; 31 Champigny L&rsquo;équipe se classe 1ère du département, ce qui permet de rencontrer des équipes classées 2è ou 3è du 77 et du 93 pour le 1er tour régional prévu en mai&#8230; Bravo et allez Wallon [&hellip;]</p>
